ase 8) in base 9?
-1066
What is -888 (base 11) in base 6?
-4532
What is 1245 (base 9) in base 15?
422
What is -13006 (base 7) in base 13?
-1744
Convert -1457 (base 10) to base 8.
-2661
What is 1010101010 (base 2) in base 7?
1663
-151 (base 15) to base 12
-211
-562 (base 12) to base 11
-662
Convert -7a23 (base 16) to base 2.
-111101000100011
What is 19a8 (base 11) in base 7?
10254
3120210 (base 5) to base 15
10305
Convert 2024 (base 7) to base 14.
384
What is 1100112 (base 4) in base 11?
3955
What is -131d (base 14) in base 9?
-4542
Convert 212011011 (base 3) to base 7.
100132
Convert 11001 (base 3) to base 14.
7b
What is -b94c (base 14) in base 11?
-22066
What is -1011101001011010 (base 2) in base 13?
-18939
What is 4663 (base 11) in base 8?
13747
What is 1044 (base 6) in base 4?
3310
349 (base 11) to base 6
1532
What is -c4e2 (base 16) in base 12?
-25202
Convert 2033000 (base 4) to base 3.
110112222
Convert -57752 (base 8) to base 15.
-741e
Convert 3328 (base 10) to base 4.
310000
What is 403 (base 16) in base 6?
4431
-10101011 (base 2) to base 3
-20100
125d (base 16) to base 8
11135
Convert -143c0 (base 14) to base 4.
-30033210
What is 135 (base 13) in base 5?
1323
What is -24433 (base 8) in base 2?
-10100100011011
What is 10352 (base 6) in base 4?
112130
Convert -5f7 (base 16) to base 6.
-11023
What is 336 (base 13) in base 14?
2b6
What is 101111 (base 5) in base 6?
23105
What is 9b3 (base 13) in base 8?
3203
What is 1000 (base 2) in base 10?
8
What is -211102010 (base 3) in base 15?
-4c93
Convert 3763 (base 15) to base 6.
130333
-212342 (base 5) to base 3
-100220111
Convert -1763 (base 11) to base 5.
-32442
25535 (base 6) to base 10
3875
Convert 9aa (base 16) to base 9.
3348
What is -c23e (base 15) in base 2?
-1010000000110001
Convert -14b7 (base 16) to base 5.
-132203
-27b4 (base 12) to base 15
-156a
What is -1010111 (base 2) in base 11?
-7a
-1a25 (base 11) to base 2
-101000001000
What is 354 (base 9) in base 11?
246
What is 24110 (base 5) in base 2?
11011110100
What is -1101111 (base 2) in base 6?
-303
What is -1420 (base 8) in base 10?
-784
1282 (base 14) to base 11
2495
What is -278d (base 15) in base 12?
-4a8a
da (base 14) to base 11
165
What is -191 (base 14) in base 4?
-11003
What is -341410 (base 6) in base 14?
-a74a
Convert 329 (base 13) to base 4.
20132
-878 (base 10) to base 5
-12003
27e6 (base 15) to base 14
3181
5026 (base 7) to base 3
2101021
Convert 5029 (base 11) to base 4.
1220132
Convert 322202 (base 4) to base 9.
5122
What is 2026 (base 15) in base 10?
6786
What is 14a (base 16) in base 7?
651
What is 5075 (base 12) in base 3?
102222022
What is -505 (base 14) in base 12?
-6a1
What is 696 (base 11) in base 4?
30333
Convert -1094b (base 12) to base 3.
-1010022012
Convert 4422 (base 5) to base 10.
612
-49615 (base 10) to base 11
-34305
What is -11000103 (base 4) in base 3?
-1001010020
6838 (base 10) to base 14
26c6
Convert -20203001 (base 4) to base 8.
-104301
Convert -354 (base 6) to base 9.
-167
Convert 4935 (base 10) to base 2.
1001101000111
-1011111011 (base 2) to base 3
-1001021
What is -10380 (base 13) in base 4?
-13013310
What is -2427 (base 9) in base 10?
-1807
What is 22226 (base 8) in base 5?
244431
What is -9f86 (base 16) in base 2?
-1001111110000110
What is -5c9 (base 14) in base 3?
-1120212
2b15 (base 12) to base 13
23c0
Convert -263 (base 16) to base 2.
-1001100011
What is -16534 (base 8) in base 15?
-2361
Convert -847a (base 11) to base 4.
-2233103
a6b (base 15) to base 11
1848
-1a4b (base 14) to base 12
-2917
232321 (base 4) to base 15
d51
What is 115 (base 12) in base 7?
320
What is -444a (base 13) in base 11?
-7180
Convert -1190 (base 14) to base 15.
-d96
Convert 3143404 (base 5) to base 9.
80605
Convert 17bb (base 12) to base 2.
101100111111
-20621 (base 7) to base 11
-3927
What is 11011001000 (base 2) in base 4?
123020
What is 70151 (base 9) in base 2?
1011001111100110
-6624 (base 11) to base 2
-10001000100010
Convert -159 (base 10) to base 8.
-237
What is 8453 (base 12) in base 8?
34177
What is 413 (base 8) in base 11?
223
Convert 1000000 (base 2) to base 12.
54
-1010001100001 (base 2) to base 14
-1c89
Convert -2002 (base 6) to base 16.
-1b2
What is -931 (base 10) in base 6?
-4151
Convert 45a (base 16) to base 15.
4e4
43133 (base 5) to base 12
1832
Convert -28a (base 13) to base 12.
-318
Convert 3a1 (base 15) to base 6.
3454
What is 665 (base 16) in base 15?
742
Convert -6893 (base 10) to base 3.
-100110022
-12034 (base 6) to base 2
-11011010110
Convert -270a (base 12) to base 2.
-1000101111010
What is -3305 (base 8) in base 9?
-2335
-2342 (base 6) to base 13
-347
Convert -2333 (base 6) to base 9.
-683
78b6 (base 14) to base 7
115016
bfd3 (base 16) to base 3
2111100210
2413 (base 5) to base 9
437
-2041213 (base 5) to base 16
-848d
Convert 152372 (base 8) to base 10.
54522
Convert -63176 (base 8) to base 10.
-26238
What is -1075 (base 8) in base 10?
-573
140d (base 14) to base 3
11212011
33a (base 11) to base 3
120001
What is 515 (base 6) in base 13?
119
Convert -1011114 (base 5) to base 14.
-5da1
Convert 523044 (base 6) to base 15.
c74d
Convert -5244 (base 8) to base 5.
-41344
20020201 (base 3) to base 2
1000111001011
-127172 (base 8) to base 9
-67238
-12024 (base 7) to base 4
-300201
Convert -1662 (base 7) to base 3.
-221020
What is 85c (base 13) in base 4?
112111
-7205 (base 15) to base 16
-5e10
Convert 2132 (base 7) to base 6.
3302
What is -154151 (base 6) in base 3?
-202211111
What is 545 (base 11) in base 16?
28e
137c (base 13) to base 2
101011110111
-23b4 (base 12) to base 5
-112044
What is -143141 (base 5) in base 12?
-35ba
What is -10001000 (base 2) in base 3?
-12001
1cf (base 16) to base 5
3323
What is -121303 (base 4) in base 6?
-11351
Convert 203232 (base 5) to base 9.
10155
-3523 (base 6) to base 12
-5a3
Convert 25b7 (base 12) to base 8.
10333
11212100 (base 3) to base 2
110111011010
Convert -343 (base 9) to base 13.
-189
Convert 33576 (base 8) to base 13.
660a
Convert -4142 (base 5) to base 6.
-2311
-20a29 (base 14) to base 9
-130117
Convert -1902 (base 10) to base 2.
-11101101110
Convert 212210 (base 4) to base 2.
100110100100
-215 (base 14) to base 15
-1c6
Convert -13563 (base 7) to base 13.
-1902
Convert -2142 (base 9) to base 14.
-809
Convert -798 (base 10) to base 8.
-1436
-2443 (base 10) to base 11
-1921
What is 22202021 (base 3) in base 14?
2479
Convert 513253 (base 6) to base 3.
2002010220
Convert 77d (base 14) to base 8.
2713
What is 623 (base 13) in base 2?
10000010011
13023 (base 4) to base 10
459
What is 3815 (base 9) in base 7?
11210
3c6 (base 13) to base 16
29d
Convert -95b (base 15) to base 11.
-164a
What is -402 (base 11) in base 9?
-600
1ec2 (base 16) to base 15
24ee
Convert 10521 (base 7) to base 16.
a65
Convert -1b97 (base 16) to base 10.
-7063
Convert 50d7 (base 15) to base 3.
212102111
Convert -4312 (base 9) to base 8.
-6142
What is -226434 (base 8) in base 4?
-102310130
Convert 4b2 (base 12) to base 14.
38a
11100001 (base 2) to base 9
270
-a (base 14) to base 8
-12
Convert 23575 (base 9) to base 16.
3da6
21132 (base 4) to base 10
606
Convert 3ab (base 12) to base 4.
20303
What is 22040 (base 12) in base 8?
127660
What is -1010100001011 (base 2) in base 15?
-18e2
What is -747 (base 9) in base 15?
-2aa
Convert -3242 (base 5) to base 13.
-285
What is 1441 (base 5) in base 12?
186
Convert 762 (base 12) to base 9.
1432
What is b5 (base 13) in base 4?
2110
What is -2567a (base 11) in base 6?
-442050
20515 (base 8) to base 2
10000101001101
What is -436 (base 11) in base 12?
-377
-3322 (base 9) to base 2
-100110010010
142 (base 7) to base 16
4f
100111111010 (base 2) to base 8
4772
1603 (base 10) to base 7
4450
Convert -2553 (base 9) to base 11.
-1488
What is -14030 (base 6) in base 15?
-9a3
Convert -26720 (base 8) to base 3.
-121002101
-101032203 (base 4) to base 8
-211643
What is 899 (base 10) in base 9?
1208
Convert -27d0 (base 14) to base 12.
-40aa
Convert -5b6 (base 14) to base 2.
-10001110100
Convert 11325 (base 6) to base 11.
1259
Convert 1364 (base 7) to base 6.
2252
Convert 1695 (base 14) to base 3.
12120001
-6c8 (base 13) to base 6
-5242
What is -504 (base 6) in base 16?
-b8
-10420011 (base 5) to base 8
-263351
-2381 (base 16) to base 12
-5315
32132 (base 4) to b